 digit of f?
0
What is the units digit of 399/532 + 19193/4?
9
Let x(h) be the third derivative of -7*h**6/60 - h**5/20 - h**3/3 + h**2 + 37*h. What is the hundreds digit of x(-3)?
3
Suppose 5*r - b = 18, 4*b - 16 = -8. Suppose 4*x + r*f - 904 = -0*f, 0 = -3*f - 12. What is the units digit of x?
0
Let d(y) = -645*y - 7194. What is the thousands digit of d(-94)?
3
Suppose 3*k + 7 = 25. Let a(q) = 12*q**2 + 3*q + 6. What is the units digit of a(k)?
6
Suppose -31 = -3*q + 5*x, 3*x + 25 = q + 4*q. Suppose q*s - 130 = -28. Suppose -h + 25 + s = 0. What is the units digit of h?
6
Let r be (1 - 1573 - 1)/(-1). Suppose 3*d = -2*x + 3*x + r, 0 = -5*x - 5. What is the tens digit of d?
2
Let v be (-35)/14 + (-3)/2. Let u(l) = -l**2 - 7*l - 10. Let z be u(v). Let f = 36 + z. What is the tens digit of f?
3
Let p(i) be the first derivative of i**4 - 8*i**3/3 + 9*i**2 + 6*i - 21. Let y be p(6). What is the tens digit of (-5 + 3)/(3/y*-4)?
1
Let h = -146 + 152. Let t(r) = 19*r**2 - 9*r - 11. What is the units digit of t(h)?
9
Suppose -19*a + 139*a - 5948124 = -62*a. What is the tens digit of a?
8
Let n(c) = -2*c**3 + 2*c**2 + 2*c + 1. Let m be 1 + (2/2 - 3). Let k be n(m). Suppose 90 - 303 = -k*b. What is the units digit of b?
1
Suppose 5*j = -5*a + 194565, 18 = -11*a + 14*a. What is the tens digit of j?
0
Suppose 5*k - 3*k = 4. Let b(m) = 8*m**3 + 6*m**3 + 5*m - 15*m**3 + 9 - 4*m**k + m. What is the tens digit of b(-6)?
4
Suppose 17*m + 930 = 11*m. Let l = 71 - m. What is the tens digit of l?
2
Suppose 273073 = 5*y + 2*v, -116*v + 273072 = 5*y - 113*v. What is the ten thousands digit of y?
5
Let u(a) = 33*a**2 + 7*a - 2. Let o be u(10). Suppose -1857*q = -1853*q - o. What is the tens digit of q?
4
Let r = 514 + -516. Let k(q) be the third derivative of -q**4/6 - q**3/2 - 3*q**2. What is the units digit of k(r)?
5
Suppose -142*g = -515794 - 63282. What is the thousands digit of g?
4
Let h(m) = -m**3 + 10*m**2 + 10*m + 15. Let z be h(11). What is the hundreds digit of (z - (-36)/(-2))*(-16 + 2)?
1
Suppose 81*r - g + 1572 = 78*r, r - g + 524 = 0. Let c = r - -1524. What is the thousands digit of c?
1
Let f(b) = b**3 + 8*b**2 - 2*b - 7. Let o be f(-8). Let w(q) = q**3 - 3*q**2 - 7*q + 16. Let g be w(o). Let s = g + -305. What is the units digit of s?
4
Let g(c) = 25*c - 48. Let q be g(2). Suppose 0 = -3*l + 16 - 4. What is the tens digit of q - 0 - (-115)/(-3 + l)?
1
Suppose 2*c - 50172 + 3258 = 0. What is the units digit of c?
7
Let v(o) = o + 11. Suppose 4*i - 5*z + 21 = 0, i + z + z = -15. Let q be v(i). Suppose 0*p = q*p + 3*w - 24, 0 = 2*p - 4*w - 38. What is the tens digit of p?
1
Let h(z) = -z**3 - 11*z**2 + 14*z + 12. Let r be h(-12). What is the hundreds digit of (-1110)/r*(-64)/(-40)?
1
Let s(o) = 527*o**2 - 109*o + 85. What is the hundreds digit of s(-6)?
7
Suppose 5*m - 107819 = -5*i + 33741, -16*i = -2*m + 56642. What is the ten thousands digit of m?
2
Suppose -3*n = -2*j - 1657, -3*j - 2523 = 3*n - 0*n. Let i(s) = -50*s - 3553. Let w be i(-60). Let r = w - j. What is the units digit of r?
3
Suppose -7 - 21 = -7*t. What is the hundreds digit of (-1182)/(-12)*t/2?
1
Let c be (-48381)/(-45) - 10/75. Suppose -n + 6*n = c. Suppose 2*f = -3*f + n. What is the units digit of f?
3
Suppose -7*w = -3*s - 5*w + 22675, 3*s - 22700 = 7*w. What is the units digit of s?
5
Suppose -131352 = -2*o + 3*k, -4*k = -128*o + 132*o - 262724. What is the tens digit of o?
7
Let g(k) = 641*k**3 + 2*k**2 - 24*k + 47. What is the thousands digit of g(2)?
5
Let c be (-1*(-3 - 0))/(1/13). Let v be 2931/c*1 + 2/(-13). Suppose 73*s - v*s = -306. What is the tens digit of s?
5
Let y = 58 + -56. Suppose y*b + 60 = -8*b. Let w(n) = -19*n - 10. What is the units digit of w(b)?
4
Let d be 3*4/84 + 666/(-7). What is the tens digit of -2*(-35)/(-10)*d?
6
Let n be (-592)/16*(2 + -7). Let h = 727 - n. What is the hundreds digit of h?
5
Let h(r) = -r**3 + 16*r**2 - 15*r + 15958. What is the hundreds digit of h(0)?
9
Suppose 3*n - 8*n + 35 = -3*w, -3*w = -4*n + 31. Suppose 6*f = -4*b + 9*f + 640, -3*b + 487 = -n*f. What is the hundreds digit of b?
1
Suppose -2*f = 2*f. Suppose f = 13*c - 16*c + 654. Suppose l + 164 = 4*r - c, -l = r - 93. What is the tens digit of r?
9
Let s = 217 + -184. What is the units digit of 11877/s - (-3)/33?
0
Let y be (-1030)/(-25)*(-10)/4. Let n = y + 102. Let w(f) = -176*f - 6. What is the hundreds digit of w(n)?
1
Let x be 8/(-3) + 2 - ((-8771)/21 - -5). Let q = 11 + 4. Suppose x = q*h - 11*h. What is the tens digit of h?
0
Suppose 610 = 2*j + 4*r, -5*j + 1674 - 139 = 5*r. Let q = -220 - -220. Suppose 7*g - 139 - j = q. What is the units digit of g?
4
Suppose 0 = -11*o - 13*o - 1163 - 9661. Let j(n) = -n**3 - 237. Let f be j(0). Let b = f - o. What is the hundreds digit of b?
2
Let a be (2*2/(-7))/(1/(-7)). Suppose 16*k - a = 92. Suppose 8*c - 342 = k*c. What is the hundreds digit of c?
1
Suppose -34*d - 127180 = -54*d. What is the thousands digit of d?
6
Let k(c) = -43*c + 9. Let q = 42 - 38. Let a be k(q). Let d = a - -260. What is the units digit of d?
7
Let a be -10*-5*175/(-10). What is the tens digit of 1/(4370/a + 5)?
7
Let g(y) = -2*y**3 + 7*y**2 + 1. Let j be g(4). Let c = j + 20. Suppose 3*p + c*t - 8 - 185 = 0, -p + 69 = 4*t. What is the units digit of p?
1
Let v(s) = -s**3 + 209*s + 5*s**2 - 27 - 213*s - 32*s**2. Suppose -94 = 3*t - 13. What is the tens digit of v(t)?
8
Suppose b + b = -4*g + 71552, -3*g = 4*b - 143129. What is the tens digit of b?
8
Let g = 199690 - 140794. What is the tens digit of g?
9
Suppose -n = 5, -3*u + 20 = -3*n + 185. Let f = u - 60. Let s = f + 177. What is the tens digit of s?
5
What is the ten thousands digit of 13 - (-5 - 57236) - (-12 - -5)?
5
Suppose -1 = -2*u - 4*j - 3, -2*u = -3*j + 9. Let k(a) = -11*a**3 - 7*a**2 - 5*a. What is the tens digit of k(u)?
4
Let n be (-7)/(-35) - (-149)/5. Suppose 1399 = -n*b + 4369. What is the tens digit of b?
9
Let u be (12/(-10))/((-9)/15). Suppose 3*w - 2*l - 565 = -0*w, 947 = 5*w - u*l. Let g = 300 - w. What is the units digit of g?
9
Let v be 10/(-1)*((-708)/(-8))/(-3). Let t(k) = 8*k - 287 + v + 8*k. What is the units digit of t(8)?
6
Let h(q) = 146*q - 6 + 18*q + 1. What is the units digit of h(3)?
7
Suppose -5*d - h - 171 = 0, d + 4*h + 6 + 13 = 0. Let n = -33 - d. Suppose 5*u + 3*y - n*y - 315 = 0, 0 = u + 5*y - 39. What is the tens digit of u?
6
What is the units digit of 16/152 + 124940/38?
8
Let v = 11 + -9. What is the units digit of 0 - 5*v*178/(-10)?
8
Let p(h) = -35*h - 30. Let t(n) = 13*n - 135. Let x be t(10). What is the units digit of p(x)?
5
Let t be (-2 + (-20)/(-3))*-138. Let o = 385 + t. Let u = -108 - o. What is the units digit of u?
1
What is the thousands digit of (-12070)/(-3) - 12*60/(-270)?
4
Let o(n) be the second derivative of 3*n**4 + 5*n**3/3 + 5*n**2/2 + 4*n - 7. What is the units digit of o(5)?
5
Let q = 9 - 6. Let k(w) = -61*w - 1459. Let o be k(-24). Suppose -o*g = q*g - 568. What is the units digit of g?
1
Let s = 20697 - 12602. What is the thousands digit of s?
8
Let f be (2 - 3)*(-63)/(-7). What is the hundreds digit of 4/14 - f/(-42)*-1506?
3
Let g be (-10)/((-6)/12*5). Let u(h) = 73*h - 15. What is the tens digit of u(g)?
7
Let o(q) be the second derivative of -q**4/3 + 4*q**3/3 - q**2/2 - q + 23. What is the units digit of o(1)?
3
Let g be -6*((-4)/6 - (-12)/72). Suppose 2*m - 1 - 7 = -i, -5*i + 1 = -g*m. Suppose m*j = -4*k + 131 + 406, -669 = -5*k - 3*j. What is the tens digit of k?
3
Suppose 0 = 1881*l - 1848*l - 196944. What is the units digit of l?
8
Suppose -1785744 = -541*u - 1030200 + 2271351. What is the units digit of u?
5
Let a be 15/3 + 5274/(-9). Let h = 82 - a. What is the units digit of h?
3
Let p be ((-36)/(-10))/(5/((-150)/(-4))). Let x be 4 + (32 - (0 - 3)). Let h = x - p. What is the units digit of h?
2
Suppose 39615 = 2*w + x, 7*w - 5*x - 39645 = 5*w. What is the units digit of w?
0
Let a be (-1)/((-2)/(-136)*-2). What is the thousands digit of (167268/(-51))/(-2) - (-4)/a?
1
Let n be (2/(-1))/(0 - 1). Suppose 0 = 2*c + n*l - 146, 2*l + 45 + 13 = c. Suppose 2*z = 52 + c. What is the units digit of z?
0
What is the thousands digit of (-682896)/(-444) + 32/(-592)?
1
Let c(l) = 65*l + 1947. What is the units digit of c(7